- -277. What is the hundreds digit of t(j)?
5
Suppose -2*q + 4*q = -d + 925, -4*d = 2*q - 934. Let m = q - 22. What is the tens digit of m?
3
Let s = 15 + -3. Let n be (-4 - (-40)/s)*18/(-4). Suppose -n*c + 4*z = -5*c + 442, -663 = -3*c + 5*z. What is the units digit of c?
1
Let s = -25 + 25. Suppose j - 3*f - 248 = -4*j, 4*j + 2*f - 216 = s. Suppose -9*a + 263 = -j. What is the tens digit of a?
3
Let u(g) = -17*g - 21. Let x(v) = -357*v - 442. Let o(w) = -85*u(w) + 4*x(w). Let j = 82 - 78. What is the tens digit of o(j)?
8
Let s(i) = -58*i**3 + 15*i**2 + 69*i + 1. What is the units digit of s(-5)?
1
Suppose 307 = 2*u + m, -392 - 375 = -5*u - 2*m. Suppose 4*h + 3*j - u = 0, 0*j - 131 = -3*h + j. Suppose h - 12 = 10*f. What is the units digit of f?
3
Let f = 187 - 182. Suppose 0 = 5*r + 2*i - 0*i - 1584, r = f*i + 306. What is the tens digit of r?
1
Let k = -30194 + 79980. What is the units digit of k?
6
Let t = -18917 + 29090. What is the ten thousands digit of t?
1
Suppose -4*x - 2*q = -2614, -4*q = 5*x - 4*x - 657. What is the hundreds digit of (-4 + -10)/(-7) + (x - 2)?
6
Suppose -226*r + 234*r = 88. Suppose 6083 = r*z + 517. What is the units digit of z?
6
Let f = 1441 - -1426. What is the thousands digit of f?
2
Suppose 2*a = 4*d, -3*a + 18 = -4*d + 7*d. Suppose 305 + 3 = a*r. What is the tens digit of r?
7
Suppose -2*k - 6 - 2 = -2*v, 2*k - 22 = -4*v. What is the units digit of 1005*(0 + k)*(-8)/(-12)?
0
Let t be 2 + 8/(-5) + (-5712)/30. Let m = 82 + t. What is the tens digit of (-3)/(-2) - m/8?
1
Suppose 0*b + 3*s - 11 = 4*b, 0 = -5*b - 2*s + 15. What is the units digit of 101/(b - (-25)/(-20))*-1?
4
Let y(t) be the third derivative of t**5/60 + t**4/8 + t**3/3 - t**2 - 35. Let n(s) = -s**2. Let z be n(-2). What is the units digit of y(z)?
6
Suppose 0 = 3*t + 208*k - 213*k - 46158, -4*k = -5*t + 76956. What is the units digit of t?
6
Let g = 160571 + -108087. What is the hundreds digit of g?
4
Suppose -2*s - 8202 = -3*j, -65*s + 2744 = j - 64*s. What is the thousands digit of j?
2
Suppose 5*w - 4748 = -t, 5*t + 268*w - 23684 = 271*w. What is the tens digit of t?
3
What is the hundreds digit of (224/(-144))/((-3)/26541)?
7
Suppose 25092 - 174168 = -41*q. Let k = -2010 + q. What is the units digit of k?
6
Let l = -125 + 116. Let u(p) = p**2 + 9*p + 4. Let k be u(l). What is the hundreds digit of (k + -1)*749/21?
1
Suppose -243*w = -87*w - 899652. What is the hundreds digit of w?
7
Suppose 6*d = -61 + 37. What is the units digit of (6 - 450/d)*4?
4
Let h(n) be the first derivative of n**3 - 12*n**2 - 27*n - 21. Let d be h(21). Suppose -s = 8*s - d. What is the tens digit of s?
8
Let p(q) be the third derivative of 61*q**5/30 - 7*q**4/24 - 5*q**3/3 - 2*q**2 - 26. What is the hundreds digit of p(-2)?
4
What is the tens digit of (-4 - -10)*(-1 - (-70450)/20)?
2
Let m = 37 + 26. Let p = m - -37. What is the units digit of p?
0
Suppose 4*s = -16, 2*j = 3*j + 5*s + 4. Suppose j*k = 4*t + 20*k - 4816, -2*k - 8 = 0. What is the tens digit of t?
0
Suppose 0 = 86*s - 80*s - 99360. Suppose s = -53*i + 76*i. What is the units digit of i?
0
Suppose -5*s + 7*s = 4*j - 624, 0 = -5*j + 2*s + 779. Let u(l) = l**3 - 7*l**2 - 6*l - 2. Let v be u(7). Let q = j + v. What is the units digit of q?
1
Let i(u) = 8 + 16*u + 7*u + 8 - 7*u. Suppose a - 4*o + 5 = 2, 0 = 4*a + 5*o - 30. What is the units digit of i(a)?
6
Let k = 1137 - 1064. Suppose -g + 364 = 4*u, 376 = 4*u + 3*g - 5*g. Let h = u - k. What is the tens digit of h?
1
Let i be -6 - (-913 + (-3)/1). Suppose -1820 = -4*j - 4*s, 11*s = 2*j + 8*s - i. What is the tens digit of j?
5
Let r = -15 + 30. Let l(i) = -i**3 + 16*i**2 + 4*i + 33. What is the tens digit of l(r)?
1
Suppose 8*d - 4*d = 5*m + 100, 4*d - 4 = m. Let s(i) = -14*i - 65. What is the hundreds digit of s(m)?
2
What is the thousands digit of (-334900)/(-102) + 2/3?
3
Suppose -s - 4*j - 6 = -18, -5*j = -5*s + 60. Suppose -13*n + 32475 = s*n. What is the thousands digit of n?
1
Suppose -3*q + 197 = 2*n, 0 = 4*q - 0*n - 3*n - 291. Suppose 76*p - q*p - 4067 = 0. What is the tens digit of p?
8
Let q(k) = -2*k**2 + 13*k + 54. Let f be q(-9). What is the tens digit of (1 + 405)*f/(-90)?
1
Suppose -6*c + 2*c = -64. Suppose -22 + c = 2*w. What is the units digit of (-20)/w*6*(-1)/(-2)?
0
What is the hundreds digit of (-6171)/(-17) + (4 - (4 + -1) - 0)?
3
Suppose -3*z = 4*u - 38419, 3*z - 47094 = 4*u - 8707. What is the units digit of z?
1
Let t = 5 + -87. Suppose 5*p = 2*g + 110, -4*p + 2*p + 3*g = -55. What is the tens digit of p/(-20)*1*t?
8
What is the thousands digit of (10/(-8))/(-1) - 9596544/(-1536)?
6
Suppose -11*c - 10*c = -63. Suppose 6*f - 8739 = -c*f. What is the tens digit of f?
7
Let u = 468 - -712. What is the thousands digit of u?
1
Let u be (0 - 1)/((-7)/11893). Let a = u - 1170. What is the hundreds digit of a?
5
Suppose -8*g + 104 = 136. What is the units digit of g/5 - 38*18/(-30)?
2
Let z(b) = -44*b + 8. Let o be z(6). Let f(g) = -9*g**2 + 4*g - 4. Let q be f(4). Let n = q - o. What is the tens digit of n?
2
Let p = 33921 - 13121. What is the thousands digit of p?
0
Let v(o) be the first derivative of -9*o - 24 + 1/4*o**4 - 2*o**2 + 8/3*o**3. What is the units digit of v(-8)?
3
Suppose 3822 = 5*w - 2078. Suppose -10*h + w = -5*h. Suppose -3*x - 20 = -h. What is the tens digit of x?
7
What is the units digit of (((-8)/6)/4)/(2/(-6))*26731?
1
Suppose -5*h = 3*f - 40589 - 33594, -123608 = -5*f - 4*h. What is the units digit of f?
6
Let b(c) = c**2 + 17*c - 20. Let p be b(-18). Let y = 0 - p. Suppose 255 + 17 = y*v. What is the tens digit of v?
3
Let y be (-1 - (-2444)/(-8)) + 3/(-2). Let m = 449 + y. Suppose -4*k + m = -335. What is the units digit of k?
9
Suppose -31*t + 15 = -26*t. Let a(x) = x**3 + x**2 - x - 6. Let w be a(0). What is the units digit of (3/(-18))/(t/w)*885?
5
Suppose 4*x = 3*s + 29, -s = -0*s + 3. Suppose 65 + 110 = x*m. Let n = m - 11. What is the tens digit of n?
2
Suppose -2*w = -634 + 228. Let m(f) = 75*f - 1479. Let u be m(18). Let p = u + w. What is the units digit of p?
4
Let r = -3984 - -8217. What is the thousands digit of r?
4
Let c(v) = 2*v**2 - 17*v - 6. Let o be c(9). Suppose -o*j + 2800 = 13*j. Suppose -4*t = 5*y - 305, -3*y = 3*t + t - j. What is the tens digit of y?
6
Let z = 605 - 341. Let t = z + 327. What is the tens digit of t?
9
Suppose 15*t = 22 + 8. Suppose 15*k - 5*u = 11*k + 363, u - 185 = -t*k. What is the tens digit of k?
9
Let v be (20 + (-1 - -4))*(1 + -82). Let o be v/(-15) - (-3)/(-15). Suppose -5*k + 540 = -2*x, -3*x = 3*k - 221 - o. What is the tens digit of k?
1
Let s(f) = -4*f**3 - 11*f**2 + 13*f - 86. What is the thousands digit of s(-20)?
7
Suppose -2*y - 4*v - 30 = 0, 3*v = 2*y - 0*v + 9. Let h(o) = o**3 + 13*o**2 + 21*o + 15. Let f be h(y). Let w = f + -83. What is the tens digit of w?
6
Let d(a) = a**2 - 14*a + 48. Let g be d(5). Suppose -569 - 1048 = -g*w. What is the units digit of w?
9
Suppose 41*s = 33*s - 32. What is the hundreds digit of (181 - (-4 + 13 + -4)) + s?
1
Let s = 96761 + -57088. What is the ten thousands digit of s?
3
Let y = 184 - 178. Suppose 0 = y*w - 562 - 608. What is the tens digit of w?
9
Let s = 62187 + -24963. What is the thousands digit of s?
7
Suppose 11 = z + 3*q, -10*z = -7*z + 3*q - 27. Suppose -4*d = -z, -3*l - 4 + 94 = -3*d. What is the units digit of l?
2
Let q = -48 + 56. Let v(x) = -2*x + 16. Let z be v(q). Suppose z = -5*a + 6*a - 57. What is the units digit of a?
7
Let y(x) be the first derivative of -x**4/4 - 2*x**3 + 62*x**2 - 17*x - 251. What is the thousands digit of y(-17)?
1
Let d = -12906 - -37871. What is the thousands digit of d?
4
Suppose -19*z - 8090 = -1763. Let b = 1389 + z. What is the hundreds digit of b?
0
Suppose 14135712 = 270*v + 49*v - 4563430. What is the hundreds digit of v?
6
Let z(d) = 2*d + 58. Let f be z(-10). Suppose -50*j + f*j = -8352. What is the hundreds digit of j?
6
Suppose 3*p - 5*p - f + 6 = 0, 0 = 5*p + 2*f - 14. Suppose -p*r - b - 520 + 3664 = 0, 0 = 2*b. What is the hundreds digit of r?
5
Let f be (525/60)/((-3)/(-156)). Suppose f*i = 449*i + 5790. What is the hundreds digit of i?
9
Let g(a) = 2*a**2 + 4*a + 17. Let b(z) = 5*z**2 + 7*z + 33. Let k(v) = 3*b(v) - 7*g(v). What is the units digit of k